{"id":202,"date":"2020-09-09T21:58:26","date_gmt":"2020-09-09T21:58:26","guid":{"rendered":"http:\/\/sonmezler.com\/?page_id=202"},"modified":"2020-09-10T14:22:00","modified_gmt":"2020-09-10T11:22:00","slug":"pamuk-ekim-mekanik","status":"publish","type":"page","link":"https:\/\/sonmezler.com\/index.php\/tr\/urunlerimiz\/ekim-makinalari\/pamuk-ekim-mekanik\/","title":{"rendered":"Pamuk Ekim Mekanik"},"content":{"rendered":"<body>\n<figure class=\"wp-block-image size-large\"><img decoding=\"async\" width=\"400\" height=\"187\" src=\"http:\/\/sonmezler.com\/wp-content\/uploads\/2020\/09\/image-28.png\" alt=\"\" class=\"wp-image-482\" loading=\"lazy\" srcset=\"https:\/\/sonmezler.com\/wp-content\/uploads\/2020\/09\/image-28.png 400w, https:\/\/sonmezler.com\/wp-content\/uploads\/2020\/09\/image-28-300x140.png 300w\" sizes=\"(max-width: 400px) 100vw, 400px\" \/><\/figure>\n\n\n\n<p>Kaplanmam\u0131\u015f pamuk tohumlar\u0131n\u0131n mekanik olarak ekilmesinde kullan\u0131l\u0131r.<\/p>\n<\/body>","protected":false},"excerpt":{"rendered":"<p>Kaplanmam\u0131\u015f pamuk tohumlar\u0131n\u0131n mekanik olarak ekilmesinde kullan\u0131l\u0131r.<\/p>\n","protected":false},"author":1,"featured_media":0,"parent":178,"menu_order":0,"comment_status":"closed","ping_status":"closed","template":"","meta":{"footnotes":""},"class_list":["post-202","page","type-page","status-publish","hentry"],"_links":{"self":[{"href":"https:\/\/sonmezler.com\/index.php\/wp-json\/wp\/v2\/pages\/202"}],"collection":[{"href":"https:\/\/sonmezler.com\/index.php\/wp-json\/wp\/v2\/pages"}],"about":[{"href":"https:\/\/sonmezler.com\/index.php\/wp-json\/wp\/v2\/types\/page"}],"author":[{"embeddable":true,"href":"https:\/\/sonmezler.com\/index.php\/wp-json\/wp\/v2\/users\/1"}],"replies":[{"embeddable":true,"href":"https:\/\/sonmezler.com\/index.php\/wp-json\/wp\/v2\/comments?post=202"}],"version-history":[{"count":2,"href":"https:\/\/sonmezler.com\/index.php\/wp-json\/wp\/v2\/pages\/202\/revisions"}],"predecessor-version":[{"id":484,"href":"https:\/\/sonmezler.com\/index.php\/wp-json\/wp\/v2\/pages\/202\/revisions\/484"}],"up":[{"embeddable":true,"href":"https:\/\/sonmezler.com\/index.php\/wp-json\/wp\/v2\/pages\/178"}],"wp:attachment":[{"href":"https:\/\/sonmezler.com\/index.php\/wp-json\/wp\/v2\/media?parent=202"}],"curies":[{"name":"wp","href":"https:\/\/api.w.org\/{rel}","templated":true}]}}