{"id":222,"date":"2020-09-09T22:03:22","date_gmt":"2020-09-09T22:03:22","guid":{"rendered":"http:\/\/sonmezler.com\/?page_id=222"},"modified":"2020-09-10T19:33:02","modified_gmt":"2020-09-10T16:33:02","slug":"frezeli-ara-capa","status":"publish","type":"page","link":"https:\/\/sonmezler.com\/index.php\/tr\/urunlerimiz\/capalama-makinalari\/frezeli-ara-capa\/","title":{"rendered":"Frezeli Ara \u00c7apa"},"content":{"rendered":"<body>\n<p>F\u00c7M-01 Frezeli Ara \u00c7apa Makinas\u0131<\/p>\n\n\n\n<p>Pancar, ay\u00e7i\u00e7e\u011fi, pamuk, domates, m\u0131s\u0131r ve soya gibi bitkilerin s\u0131ra aras\u0131n\u0131 \u00e7apalayabilen frezeli bir ara \u00e7apa makinas\u0131d\u0131r.<\/p>\n\n\n\n<div class=\"wp-block-image\"><figure class=\"alignright size-large is-resized\"><img decoding=\"async\" src=\"http:\/\/sonmezler.com\/wp-content\/uploads\/2020\/09\/image-91.png\" alt=\"\" class=\"wp-image-678\" width=\"297\" height=\"193\" loading=\"lazy\"><\/figure><\/div>\n\n\n\n<ul class=\"wp-block-list\">\n<li>\u0130\u015f\u00e7ilikten %70-80 tasarruf sa\u011flar.<\/li>\n<li>Tarlay\u0131 yabanc\u0131 otlardan kurtar\u0131r.<\/li>\n<li>Mahsul erken geli\u015fir ve daha fazla \u00fcr\u00fcn al\u0131n\u0131r.<\/li>\n<li>Tarlan\u0131n tav\u0131n\u0131 ka\u00e7\u0131rmaz<\/li>\n<li>Sulamada tasarruf sa\u011flar.<\/li>\n<\/ul>\n\n\n\n<p><\/p>\n\n\n\n<p>D\u00f6rt i\u015fi bir arada yapma imkan\u0131 sa\u011flar :<\/p>\n\n\n\n<ul class=\"wp-block-list\">\n<li>Toprak i\u015fleme<\/li>\n<li>Topra\u011fa g\u00fcbreyi kar\u0131\u015ft\u0131rma<\/li>\n<li>Sulama kanal\u0131 yapma (Lister)<\/li>\n<li>Bo\u011faz doldurma (Lister)<\/li>\n<\/ul>\n\n\n\n<p>S\u0131raya ekili, sebze, pancar, pamuk, m\u0131s\u0131r, t\u00fct\u00fcn, domates, \u00e7ilek ve ay\u00e7i\u00e7e\u011fi gibi bitkilerin aralar\u0131n\u0131 \u00e7apalamak i\u00e7in ideal olan bu makina i\u015flenen toprakta taban yapmamakta, g\u00fcbre te\u015fkilat\u0131 tak\u0131larak ayn\u0131 anda g\u00fcbre atabilmekte, topraktaki nemin korunmas\u0131n\u0131 sa\u011flamakta ve yabani otlara kar\u015f\u0131 tam bir m\u00fccadele sa\u011flamaktad\u0131r.<\/p>\n\n\n\n<div class=\"wp-block-image\"><figure class=\"aligncenter size-large\"><img decoding=\"async\" width=\"563\" height=\"117\" src=\"http:\/\/sonmezler.com\/wp-content\/uploads\/2020\/09\/image-92.png\" alt=\"\" class=\"wp-image-680\" loading=\"lazy\" srcset=\"https:\/\/sonmezler.com\/wp-content\/uploads\/2020\/09\/image-92.png 563w, https:\/\/sonmezler.com\/wp-content\/uploads\/2020\/09\/image-92-300x62.png 300w\" sizes=\"(max-width: 563px) 100vw, 563px\" \/><\/figure><\/div>\n\n\n\n<p>Ayr\u0131ca ; ikinci \u00e7apada bo\u011faz doldurma d\u00fczeni ile (Listerle) bitki diplerine toprak y\u0131\u011farak bitkinin daha h\u0131zl\u0131 geli\u015fimini sa\u011flayabilmektedir.<\/p>\n\n\n\n<div class=\"wp-block-image\"><figure class=\"alignleft size-large\"><img decoding=\"async\" width=\"631\" height=\"170\" src=\"http:\/\/sonmezler.com\/wp-content\/uploads\/2020\/09\/image-93.png\" alt=\"\" class=\"wp-image-681\" loading=\"lazy\" srcset=\"https:\/\/sonmezler.com\/wp-content\/uploads\/2020\/09\/image-93.png 631w, https:\/\/sonmezler.com\/wp-content\/uploads\/2020\/09\/image-93-300x81.png 300w\" sizes=\"(max-width: 631px) 100vw, 631px\" \/><\/figure><\/div>\n\n\n\n<p><\/p>\n<\/body>","protected":false},"excerpt":{"rendered":"<p>F\u00c7M-01 Frezeli Ara \u00c7apa Makinas\u0131 Pancar, ay\u00e7i\u00e7e\u011fi, pamuk, domates, m\u0131s\u0131r ve soya gibi bitkilerin s\u0131ra aras\u0131n\u0131 \u00e7apalayabilen frezeli bir ara \u00e7apa makinas\u0131d\u0131r. \u0130\u015f\u00e7ilikten %70-80 tasarruf sa\u011flar. Tarlay\u0131 yabanc\u0131 otlardan kurtar\u0131r. &hellip; <\/p>\n","protected":false},"author":1,"featured_media":0,"parent":182,"menu_order":0,"comment_status":"closed","ping_status":"closed","template":"","meta":{"footnotes":""},"class_list":["post-222","page","type-page","status-publish","hentry"],"_links":{"self":[{"href":"https:\/\/sonmezler.com\/index.php\/wp-json\/wp\/v2\/pages\/222"}],"collection":[{"href":"https:\/\/sonmezler.com\/index.php\/wp-json\/wp\/v2\/pages"}],"about":[{"href":"https:\/\/sonmezler.com\/index.php\/wp-json\/wp\/v2\/types\/page"}],"author":[{"embeddable":true,"href":"https:\/\/sonmezler.com\/index.php\/wp-json\/wp\/v2\/users\/1"}],"replies":[{"embeddable":true,"href":"https:\/\/sonmezler.com\/index.php\/wp-json\/wp\/v2\/comments?post=222"}],"version-history":[{"count":2,"href":"https:\/\/sonmezler.com\/index.php\/wp-json\/wp\/v2\/pages\/222\/revisions"}],"predecessor-version":[{"id":682,"href":"https:\/\/sonmezler.com\/index.php\/wp-json\/wp\/v2\/pages\/222\/revisions\/682"}],"up":[{"embeddable":true,"href":"https:\/\/sonmezler.com\/index.php\/wp-json\/wp\/v2\/pages\/182"}],"wp:attachment":[{"href":"https:\/\/sonmezler.com\/index.php\/wp-json\/wp\/v2\/media?parent=222"}],"curies":[{"name":"wp","href":"https:\/\/api.w.org\/{rel}","templated":true}]}}